st common divisor of 5371 and 46112?
131
Calculate the highest common divisor of 540 and 11940.
60
What is the highest common factor of 638 and 946?
22
Calculate the highest common factor of 55616 and 1504.
32
What is the greatest common factor of 341931 and 33843?
1167
What is the greatest common divisor of 318 and 129638?
106
What is the highest common factor of 4280 and 135?
5
What is the highest common divisor of 516 and 11568?
12
Calculate the greatest common factor of 32 and 168496.
16
What is the greatest common factor of 3787584 and 192?
192
What is the highest common factor of 3329815 and 3073?
439
What is the highest common divisor of 300 and 17880?
60
What is the highest common factor of 2192 and 11488?
16
What is the highest common factor of 32585 and 608?
19
Calculate the highest common factor of 8694 and 20818.
14
What is the greatest common factor of 6562 and 18142?
386
What is the highest common factor of 542 and 1198?
2
What is the greatest common divisor of 760694 and 14058?
1562
What is the highest common divisor of 94047 and 276?
69
What is the greatest common divisor of 145566 and 198?
18
Calculate the highest common divisor of 4936043 and 926.
463
Calculate the greatest common factor of 74 and 792466.
74
What is the highest common divisor of 2470057 and 19?
19
Calculate the greatest common divisor of 2920 and 26426.
146
Calculate the highest common divisor of 1300 and 283775.
25
Calculate the highest common divisor of 1968 and 68664.
24
What is the highest common divisor of 12114 and 433412?
1346
What is the highest common factor of 11 and 69809?
1
What is the highest common divisor of 52240 and 104?
8
What is the greatest common divisor of 888 and 2418?
6
Calculate the greatest common divisor of 2489805 and 81.
27
Calculate the greatest common factor of 774276 and 2034.
678
What is the highest common divisor of 235209 and 39?
39
Calculate the greatest common factor of 9156 and 714.
42
What is the greatest common factor of 8 and 1156?
4
What is the greatest common divisor of 1456027 and 591?
197
What is the highest common divisor of 728820 and 48?
12
What is the greatest common factor of 113949 and 99?
99
Calculate the highest common divisor of 29362 and 106.
106
What is the greatest common divisor of 627525 and 225?
225
What is the greatest common factor of 12426 and 13110?
114
Calculate the highest common factor of 95 and 66245.
5
What is the highest common factor of 198640 and 416?
208
What is the greatest common factor of 34 and 253?
1
What is the greatest common factor of 4237 and 16279?
223
What is the highest common factor of 12365 and 45?
5
Calculate the highest common divisor of 447 and 131567.
149
What is the greatest common divisor of 91234 and 858?
286
What is the greatest common divisor of 15 and 117555?
15
Calculate the highest common divisor of 3252 and 2364.
12
What is the highest common divisor of 49132 and 426?
142
What is the greatest common divisor of 1115650 and 212?
106
Calculate the highest common factor of 82 and 170519.
41
Calculate the highest common factor of 182 and 16939.
13
Calculate the highest common factor of 1452 and 4716.
12
What is the highest common divisor of 343665 and 8190?
315
What is the greatest common factor of 441108 and 216?
36
Calculate the highest common divisor of 2949142 and 266.
266
What is the highest common factor of 1094 and 970?
2
Calculate the highest common divisor of 45 and 39765.
15
Calculate the highest common divisor of 7010 and 4245256.
1402
Calculate the greatest common factor of 726776 and 8.
8
What is the greatest common factor of 26208 and 10764?
468
Calculate the greatest common factor of 44921 and 232.
29
Calculate the greatest common divisor of 14 and 5866.
14
Calculate the highest common factor of 7 and 28827.
1
What is the greatest common factor of 58 and 40513?
29
What is the greatest common factor of 2442 and 108410?
74
Calculate the highest common divisor of 227 and 1489801.
227
Calculate the greatest common divisor of 28461 and 28037.
53
Calculate the greatest common factor of 351 and 1683513.
117
Calculate the greatest common factor of 978 and 2122749.
489
Calculate the highest common divisor of 5639107 and 188.
47
What is the highest common factor of 91227 and 705?
141
Calculate the greatest common divisor of 512 and 47968.
32
Calculate the highest common divisor of 19092 and 288.
12
Calculate the greatest common divisor of 762 and 21402294.
762
What is the greatest common divisor of 1716 and 2004?
12
Calculate the highest common factor of 117 and 7200999.
117
Calculate the highest common divisor of 44 and 23771.
11
What is the greatest common divisor of 171440 and 200?
40
What is the highest common factor of 538606 and 2201?
71
What is the greatest common divisor of 228 and 23004?
12
What is the greatest common divisor of 396 and 37116?
36
What is the greatest common divisor of 154595 and 735?
245
Calculate the greatest common divisor of 324 and 19332.
108
What is the greatest common divisor of 44 and 3878?
2
What is the highest common factor of 722 and 6156?
38
Calculate the highest common factor of 44892 and 414.
18
Calculate the highest common factor of 3015 and 5472.
9
Calculate the highest common factor of 689006 and 62.
62
Calculate the highest common factor of 42 and 2506.
14
What is the highest common factor of 725 and 453125?
725
Calculate the highest common factor of 159413 and 66700.
667
What is the greatest common divisor of 120760 and 80?
40
What is the greatest common divisor of 308532 and 588?
84
Calculate the highest common factor of 1422602 and 1358.
194
Calculate the greatest common divisor of 16 and 56912.
16
Calculate the greatest common factor of 6952 and 104596.
316
Calculate the highest common divisor of 1511309 and 89.
89
Calculate the greatest common divisor of 8 and 426840.
8
What is the greatest common divisor of 16 and 46456?
8
What is the greatest common divisor of 19716 and 11130?
318
What is the greatest common factor of 49 and 22883?
49
What is the greatest common factor of 540063 and 897?
69
Calculate the greatest common factor of 1692 and 314994.
282
What is the greatest common factor of 104 and 1261?
13
Calculate the greatest common factor of 7709 and 1089934.
593
Calculate the highest common divisor of 148 and 191327.
37
Calculate the greatest common factor of 4630 and 7530.
10
Calculate the highest common divisor of 962 and 4238.
26
Calculate the greatest common factor of 1272 and 2574104.
424
Calculate the highest common divisor of 89 and 1330639.
89
What is the highest common divisor of 196829 and 100396?
1321
Calculate the highest common divisor of 16 and 112688.
16
Calculate the greatest common divisor of 280160 and 480.
160
What is the greatest common factor of 107401 and 2519?
229
What is the highest common divisor of 73983 and 1066?
13
What is the highest common factor of 3159624 and 328?
328
Calculate the highest common divisor of 1221 and 132.
33
What is the highest common factor of 4460 and 20?
20
What is the highest common divisor of 646 and 149549?
323
What is the greatest common factor of 201664 and 8096?
736
What is the highest common factor of 30885 and 8265?
435
What is the greatest common factor of 1859 and 9581?
143
Calculate the highest common factor of 11475 and 325.
25
Calculate the highest common divisor of 12984 and 192.
24
What is the greatest common divisor of 960 and 157740?
60
What is the highest common divisor of 16685 and 3195?
355
What is the greatest common factor of 11 and 1805265?
11
Calculate the highest common factor of 45514 and 2366.
14
What is the greatest common factor of 630 and 346590?
90
What is the greatest common divisor of 8162 and 49?
7
Calculate the greatest common divisor of 140 and 120995.
35
What is the highest common divisor of 3344 and 1004036?
836
What is the highest common factor of 612 and 44676?
612
Calculate the greatest common divisor of 120 and 27560.
40
What is the highest common factor of 370500 and 2223?
741
Calculate the highest common divisor of 4 and 14641.
1
What is the highest common factor of 743624 and 168?
56
Calculate the greatest common divisor of 8655 and 270.
15
Calculate the greatest common factor of 152 and 100952.
8
What is the 